er when 1142 is divided by 41.
35
What is the remainder when 15945 is divided by 17?
16
Calculate the remainder when 566 is divided by 57.
53
What is the remainder when 2467 is divided by 13?
10
Calculate the remainder when 2085 is divided by 30.
15
What is the remainder when 150 is divided by 32?
22
What is the remainder when 145 is divided by 50?
45
What is the remainder when 624 is divided by 33?
30
Calculate the remainder when 134 is divided by 37.
23
Calculate the remainder when 763 is divided by 244.
31
What is the remainder when 235 is divided by 59?
58
What is the remainder when 1410 is divided by 351?
6
What is the remainder when 163 is divided by 32?
3
Calculate the remainder when 68583 is divided by 322.
319
Calculate the remainder when 52 is divided by 37.
15
Calculate the remainder when 7726 is divided by 48.
46
What is the remainder when 367 is divided by 73?
2
What is the remainder when 14080 is divided by 28?
24
Calculate the remainder when 201 is divided by 104.
97
What is the remainder when 130 is divided by 33?
31
Calculate the remainder when 1422 is divided by 130.
122
What is the remainder when 199 is divided by 29?
25
What is the remainder when 546 is divided by 316?
230
Calculate the remainder when 2061 is divided by 348.
321
What is the remainder when 896 is divided by 220?
16
What is the remainder when 92 is divided by 19?
16
Calculate the remainder when 84 is divided by 3.
0
What is the remainder when 352 is divided by 21?
16
What is the remainder when 70 is divided by 37?
33
Calculate the remainder when 1282 is divided by 140.
22
Calculate the remainder when 2144 is divided by 85.
19
What is the remainder when 59 is divided by 11?
4
What is the remainder when 422 is divided by 13?
6
What is the remainder when 105 is divided by 18?
15
Calculate the remainder when 1020 is divided by 61.
44
Calculate the remainder when 1369 is divided by 7.
4
What is the remainder when 134 is divided by 43?
5
Calculate the remainder when 127 is divided by 30.
7
What is the remainder when 19 is divided by 10?
9
Calculate the remainder when 260 is divided by 95.
70
What is the remainder when 72 is divided by 15?
12
What is the remainder when 5663 is divided by 13?
8
What is the remainder when 15369 is divided by 36?
33
Calculate the remainder when 6944 is divided by 15.
14
Calculate the remainder when 18239 is divided by 190.
189
Calculate the remainder when 194 is divided by 9.
5
What is the remainder when 3418 is divided by 127?
116
Calculate the remainder when 28 is divided by 17.
11
Calculate the remainder when 1276 is divided by 20.
16
What is the remainder when 1401 is divided by 54?
51
What is the remainder when 110 is divided by 44?
22
Calculate the remainder when 339 is divided by 34.
33
Calculate the remainder when 134 is divided by 73.
61
Calculate the remainder when 998 is divided by 50.
48
Calculate the remainder when 48 is divided by 46.
2
Calculate the remainder when 255 is divided by 37.
33
What is the remainder when 521 is divided by 18?
17
Calculate the remainder when 72 is divided by 52.
20
What is the remainder when 146 is divided by 20?
6
Calculate the remainder when 357 is divided by 45.
42
Calculate the remainder when 1062 is divided by 19.
17
What is the remainder when 2445 is divided by 24?
21
What is the remainder when 502 is divided by 24?
22
What is the remainder when 11300 is divided by 28?
16
What is the remainder when 164 is divided by 36?
20
What is the remainder when 922 is divided by 84?
82
Calculate the remainder when 696 is divided by 89.
73
Calculate the remainder when 249 is divided by 56.
25
Calculate the remainder when 407 is divided by 143.
121
What is the remainder when 1596 is divided by 107?
98
Calculate the remainder when 467 is divided by 9.
8
What is the remainder when 57 is divided by 4?
1
Calculate the remainder when 1378 is divided by 357.
307
Calculate the remainder when 88 is divided by 74.
14
Calculate the remainder when 101 is divided by 27.
20
What is the remainder when 1315 is divided by 21?
13
Calculate the remainder when 109 is divided by 37.
35
Calculate the remainder when 77 is divided by 9.
5
What is the remainder when 1808 is divided by 53?
6
Calculate the remainder when 251 is divided by 18.
17
Calculate the remainder when 1789 is divided by 17.
4
What is the remainder when 82 is divided by 30?
22
What is the remainder when 129 is divided by 10?
9
What is the remainder when 5618 is divided by 20?
18
Calculate the remainder when 37 is divided by 10.
7
What is the remainder when 14381 is divided by 29?
26
Calculate the remainder when 1352 is divided by 12.
8
What is the remainder when 201 is divided by 19?
11
Calculate the remainder when 189 is divided by 160.
29
What is the remainder when 353 is divided by 81?
29
What is the remainder when 70 is divided by 8?
6
Calculate the remainder when 236 is divided by 41.
31
Calculate the remainder when 170 is divided by 75.
20
Calculate the remainder when 7498 is divided by 121.
117
Calculate the remainder when 238 is divided by 6.
4
Calculate the remainder when 386 is divided by 30.
26
Calculate the remainder when 13103 is divided by 144.
143
What is the remainder when 199 is divided by 109?
90
Calculate the remainder when 3350 is divided by 372.
2
What is the remainder when 667 is divided by 16?
11
What is the remainder when 124 is divided by 57?
10
What is the remainder when 12 is divided by 6?
0
What is the remainder when 2040 is divided by 146?
142
What is the remainder when 67 is divided by 30?
7
Calculate the remainder when 933 is divided by 454.
25
What is the remainder when 593 is divided by 141?
29
What is the remainder when 1829 is divided by 911?
7
What is the remainder when 72 is divided by 41?
31
What is the remainder when 79 is divided by 27?
25
What is the remainder when 40 is divided by 31?
9
What is the remainder when 512 is divided by 47?
42
What is the remainder when 80 is divided by 44?
36
Calculate the remainder when 1670 is divided by 38.
36
What is the remainder when 144 is divided by 3?
0
What is the remainder when 12794 is divided by 14?
12
What is the remainder when 1491 is divided by 1484?
7
What is the remainder when 2691 is divided by 7?
3
Calculate the remainder when 170 is divided by 3.
2
What is the remainder when 104 is divided by 55?
49
What is the remainder when 188 is divided by 171?
17
Calculate the remainder when 792 is divided by 11.
0
What is the remainder when 457 is divided by 74?
13
What is the remainder when 106 is divided by 19?
11
Calculate the remainder when 23 is divided by 5.
3
Calculate the remainder when 43 is divided by 22.
21
Calculate the remainder when 110 is divided by 19.
15
What is the remainder when 2794 is divided by 13?
12
What is the remainder when 639 is divided by 26?
15
Calculate the remainder when 20744 is divided by 45.
44
Calculate the remainder when 250 is divided by 11.
8
Calculate the remainder when 75 is divided by 41.
34
Calculate the remainder when 10510 is divided by 48.
46
What is the remainder when 1035 is divided by 93?
12
Calculate the remainder when 164 is divided by 10.
4
Calculate the remainder when 943 is divided by 13.
7
What is the remainder when 192 is divided by 163?
29
What is the remainder when 59 is divided by 13?
7
What is the remainder when 166 is divided by 12?
10
Calculate the remainder when 14382 is divided by 7.
4
Calculate the remainder when 143 is divided by 19.
10
Calculate the remainder when 586 is divided by 74.
68
Calculate the remainder when 133 is divided by 125.
8
What is the remainder when 1673 is divided by 272?
41
What is the remainder when 2321 is divided by 101?
99
What is the remainder when 35 is divided by 15?
5
Calculate the remainder when 164 is divided by 13.
8
What is the remainder when 483 is divided by 97?
95
Calculate the remainder when 1119 is divided by 34.
31
Calculate the remainder when 190 is divided by 49.
43
What is the remainder when 4021 is divided by 149?
147
Calculate the remainder when 58 is divided by 20.
18
Calculate the remainder when 10259 is divided by 95.
94
What is the remainder when 744 is divided by 356?
32
What is the remainder when 389 is divided by 33?
26
What is the remainder when 723 is di